{"id":43,"date":"2014-07-12T08:52:08","date_gmt":"2014-07-12T06:52:08","guid":{"rendered":"https:\/\/ipsrv02.ip.co.at\/janinabaechle.com\/?page_id=43"},"modified":"2023-07-06T09:45:07","modified_gmt":"2023-07-06T07:45:07","slug":"biographie","status":"publish","type":"page","link":"https:\/\/www.janinabaechle.com\/?page_id=43","title":{"rendered":"Biographie"},"content":{"rendered":"<div style='padding-bottom:10px; color:#8f833e;' class='av-special-heading av-special-heading-h3 custom-color-heading   avia-builder-el-0  el_before_av_three_fourth  avia-builder-el-first   '><h3 class='av-special-heading-tag '  itemprop=\"headline\"  >Biographie<\/h3><div class='special-heading-border'><div class='special-heading-inner-border' style='border-color:#8f833e'><\/div><\/div><\/div>\n<div class=\"flex_column av_three_fourth  flex_column_div first  avia-builder-el-1  el_after_av_heading  el_before_av_one_fourth  \" ><section class=\"av_textblock_section \"  itemscope=\"itemscope\" itemtype=\"https:\/\/schema.org\/CreativeWork\" ><div class='avia_textblock  '   itemprop=\"text\" ><p style=\"text-align: left;\">Die deutsche Mezzosopranistin Janina Baechle ist regelm\u00e4\u00dfiger Gast auf den internationalen Opern- und Konzertb\u00fchnen, wo sie das wesentliche Repertoire ihres Fachs singt.<\/p>\n<p style=\"text-align: left;\">Nach Festengagements an den Staatstheatern Braunschweig und Hannover geh\u00f6rte sie bis 2010 zum Ensemble der Wiener Staatsoper, wohin sie seither als regelm\u00e4\u00dfiger Gast zur\u00fcckkehrt.<\/p>\n<p style=\"text-align: left;\">Gastengagements f\u00fchrten sie weiterhin an die Staatsopern in Dresden, Hamburg und M\u00fcnchen, ans Gran Teatre del Liceu in Barcelona,\u00a0 die Scala di Milano, die Op\u00e9ra National de Paris, an die Opernh\u00e4user in Bordeaux, Lyon und Toulouse sowie in San Francisco, Toronto und Buenos Aires und zum Edinburgh Festival.<\/p>\n<p style=\"text-align: left;\">Ihr Kernrepertoire beinhaltet Brang\u00e4ne\/ Tristan und Isolde, Fricka, Erda, Waltraute\/ Der Ring des Nibelungen, Gertrud\/ H\u00e4nsel und Gretel, Adelaide\/ Arabella, Gaea\/ Daphne, Herodias\/ Salome, Geschwitz\/ Lulu, Filipjewna\/ Eugen Onegin, Genevieve\/ Pelleas et Melisande, Kabanicha\/ Katja Kabanowa und Jezibaba\/ Rusalka.<\/p>\n<p style=\"text-align: left;\">Zuletzt hat sie ihrem Repertoire mit ihren erfolgreichen Rollendeb\u00fcts als La Nourrice\/ Ariane et Barbe Bleu und Mme de Croissy\/ Dialogues des Carmelites weitere wesentliche Partien hinzugef\u00fcgt.<\/p>\n<p style=\"text-align: left;\">Neben ihrer Opernt\u00e4tigkeit ist sie ebenso h\u00e4ufig auf dem Konzertpodium zu erleben und arbeitete u.a. mit den Dortmunder, Dresdner, M\u00fcnchner, Stuttgarter und Wiener Philharmonikern, der New York Philharmonic, dem Netherlands und Helsinki Philharmonic Orchestra, dem BR Symphonie- und Rundfunkorchester, den Hamburger und Wiener Symphonikern, dem Orchestre National du Capitole de Toulouse, dem Bilbao Symphony Orchestra, dem HR Sinfonieorchester, dem RSO Wien und Tonk\u00fcnstler Orchester, dem Brucknerorchester, dem Klangforum, dem Beethoven Orchester Bonn, der NDR Radiophilharmonie, dem National Polish Radio Orchestra und der NFM Wroclaw Philharmonic.<\/p>\n<p style=\"text-align: left;\">Sie arbeitete wiederholt mit den Dirigenten Christian Thielemann, Sir Simon Rattle, Christoph von Dohnany, Semyon Bychkov, Jeffrey Tate, Leif Segerstam,Andres Orozco Estrada, Tugan Sokhiev, Frank Beermann, Pascal Roph\u00e9, Krzysztof Penderecki, Gabriel Feltz,Philippe Jordan und Mariss Jansons.<\/p>\n<p style=\"text-align: left;\">Eine besondere Liebe der K\u00fcnstlerin gilt\u00a0 dem deutsch\/franz\u00f6sischen Liedrepertoire, und mit ihren Liedpartnern Markus Hadulla, Anne Le Bozec, Charles Spencer, Marcelo Amaral, Helmut Deutsch, Florian Krump\u00f6ck oder Elisabeth Leonskaja ist sie mit\u00a0 unterschiedlichen Programmen\u00a0 zu Gast u.a. beim Festival de Musique Menton, in Vilniius, in Paris an der Op\u00e9ra und dem Mus\u00e9e d\u00b4Orsay, dem Liedsommer Eppan, dem Bl\u00fcthner Zyklus Wien, dem Kultursommer am Semmering,den Strauss-Tagen in Garmisch-Partenkirchen, dem Teatro del Corte Neapel, bei den Heures Romantiques in Montoire, beim Beethovenfest Warschau, der Hugo- Wolf- Akademie Stuttgart, bei den Mahler Wochen in Toblach beim Kammermusikfestival Schloss Laudon, im Wiener und Grazer Musikverein sowie in Hamburg, Hannover, Braunschweig und St. Petersburg.<\/p>\n<p style=\"text-align: left;\">Janina Baechles T\u00e4tigkeit ist mehrfach auf CD und DVD dokumentiert. Ihre Lied Cd \u201eUrlicht\u201c mit Liedern von Gustav Mahler (gemeinsam mit Markus Hadulla) wurde mit dem Orph\u00e9e d\u00b4Or Prix Elisabeth Schwarzkopf 2014 ausgezeichnet.<\/p>\n<p style=\"text-align: left;\">Janina Baechle studierte Musikwissenschaft und Geschichte an der Universit\u00e4t Hamburg und absolvierte parallel dazu ein Gesangsstudium an der Hamburger Musikhochschule bei Gisela Litz. Dar\u00fcber hinaus arbeitete sie viele Jahre regelm\u00e4\u00dfig mit Brigitte Fassbaender.<\/p>\n<\/div><\/section><br \/>\n<section class=\"av_textblock_section \"  itemscope=\"itemscope\" itemtype=\"https:\/\/schema.org\/CreativeWork\" ><div class='avia_textblock  '   itemprop=\"text\" ><p><a href=\"http:\/\/www.ungerartists.com\/resources\/Baechle-Bio-F.pdf\" target=\"_blank\" rel=\"noopener\">Franz\u00f6sische Biographie (PDF)<\/a><\/p>\n<\/div><\/section><\/p><\/div><div class=\"flex_column av_one_fourth  flex_column_div av-zero-column-padding   avia-builder-el-4  el_after_av_three_fourth  avia-builder-el-last  \" style='border-radius:0px; '><p><div class='avia-image-container avia_animated_image avia_animate_when_almost_visible right-to-left av-styling-no-styling    avia-builder-el-5  el_before_av_image  avia-builder-el-first  avia-align-center '  itemprop=\"ImageObject\" itemscope=\"itemscope\" itemtype=\"https:\/\/schema.org\/ImageObject\"  ><div class='avia-image-container-inner'><div class='avia-image-overlay-wrap'><img class='avia_image' src='https:\/\/www.janinabaechle.com\/wp-content\/uploads\/2014\/09\/baechle_horowitz_06.jpg' alt='' title='baechle_horowitz_06' height=\"1600\" width=\"1600\"  itemprop=\"thumbnailUrl\"  \/><\/div><\/div><\/div><br \/>\n<div class='avia-image-container avia_animated_image avia_animate_when_almost_visible right-to-left av-styling-no-styling    avia-builder-el-6  el_after_av_image  el_before_av_image  avia-align-center '  itemprop=\"ImageObject\" itemscope=\"itemscope\" itemtype=\"https:\/\/schema.org\/ImageObject\"  ><div class='avia-image-container-inner'><div class='avia-image-overlay-wrap'><img class='avia_image' src='https:\/\/www.janinabaechle.com\/wp-content\/uploads\/2014\/07\/janina_konzert.jpg' alt='' title='janina_konzert' height=\"500\" width=\"500\"  itemprop=\"thumbnailUrl\"  \/><\/div><\/div><\/div><br \/>\n<div class='avia-image-container avia_animated_image avia_animate_when_almost_visible right-to-left av-styling-no-styling    avia-builder-el-7  el_after_av_image  el_before_av_image  avia-align-center '  itemprop=\"ImageObject\" itemscope=\"itemscope\" itemtype=\"https:\/\/schema.org\/ImageObject\"  ><div class='avia-image-container-inner'><div class='avia-image-overlay-wrap'><img class='avia_image' src='https:\/\/www.janinabaechle.com\/wp-content\/uploads\/2014\/09\/baechle_horowitz_03.jpg' alt='' title='baechle_horowitz_03' height=\"1600\" width=\"1600\"  itemprop=\"thumbnailUrl\"  \/><\/div><\/div><\/div><br \/>\n<div class='avia-image-container avia_animated_image avia_animate_when_almost_visible right-to-left av-styling-no-styling    avia-builder-el-8  el_after_av_image  avia-builder-el-last  avia-align-center '  itemprop=\"ImageObject\" itemscope=\"itemscope\" itemtype=\"https:\/\/schema.org\/ImageObject\"  ><div class='avia-image-container-inner'><div class='avia-image-overlay-wrap'><img class='avia_image' src='https:\/\/www.janinabaechle.com\/wp-content\/uploads\/2014\/07\/IMG_9531_13001-495x495.jpg' alt='' title='IMG_9531_1300' height=\"400\" width=\"400\"  itemprop=\"thumbnailUrl\"  \/><\/div><\/div><\/div><\/p><\/div><\/p>\n","protected":false},"excerpt":{"rendered":"","protected":false},"author":1,"featured_media":0,"parent":0,"menu_order":0,"comment_status":"open","ping_status":"open","template":"","meta":{"_bbp_topic_count":0,"_bbp_reply_count":0,"_bbp_total_topic_count":0,"_bbp_total_reply_count":0,"_bbp_voice_count":0,"_bbp_anonymous_reply_count":0,"_bbp_topic_count_hidden":0,"_bbp_reply_count_hidden":0,"_bbp_forum_subforum_count":0,"footnotes":""},"class_list":["post-43","page","type-page","status-publish","hentry"],"yoast_head":"<!-- This site is optimized with the Yoast SEO plugin v27.0 - https:\/\/yoast.com\/product\/yoast-seo-wordpress\/ -->\n<title>Biographie - Janina Baechle<\/title>\n<meta name=\"description\" content=\"Biographie von Janina Baechle\" \/>\n<meta name=\"robots\" content=\"index, follow, max-snippet:-1, max-image-preview:large, max-video-preview:-1\" \/>\n<link rel=\"canonical\" href=\"https:\/\/www.janinabaechle.com\/?page_id=43\" \/>\n<meta property=\"og:locale\" content=\"de_DE\" \/>\n<meta property=\"og:type\" content=\"article\" \/>\n<meta property=\"og:title\" content=\"Biographie - Janina Baechle\" \/>\n<meta property=\"og:description\" content=\"Biographie von Janina Baechle\" \/>\n<meta property=\"og:url\" content=\"https:\/\/www.janinabaechle.com\/?page_id=43\" \/>\n<meta property=\"og:site_name\" content=\"Janina Baechle\" \/>\n<meta property=\"article:modified_time\" content=\"2023-07-06T07:45:07+00:00\" \/>\n<meta name=\"twitter:label1\" content=\"Gesch\u00e4tzte Lesezeit\" \/>\n\t<meta name=\"twitter:data1\" content=\"4\u00a0Minuten\" \/>\n<script type=\"application\/ld+json\" class=\"yoast-schema-graph\">{\"@context\":\"https:\/\/schema.org\",\"@graph\":[{\"@type\":\"WebPage\",\"@id\":\"https:\/\/www.janinabaechle.com\/?page_id=43\",\"url\":\"https:\/\/www.janinabaechle.com\/?page_id=43\",\"name\":\"Biographie - Janina Baechle\",\"isPartOf\":{\"@id\":\"https:\/\/www.janinabaechle.com\/#website\"},\"datePublished\":\"2014-07-12T06:52:08+00:00\",\"dateModified\":\"2023-07-06T07:45:07+00:00\",\"description\":\"Biographie von Janina Baechle\",\"breadcrumb\":{\"@id\":\"https:\/\/www.janinabaechle.com\/?page_id=43#breadcrumb\"},\"inLanguage\":\"de\",\"potentialAction\":[{\"@type\":\"ReadAction\",\"target\":[\"https:\/\/www.janinabaechle.com\/?page_id=43\"]}]},{\"@type\":\"BreadcrumbList\",\"@id\":\"https:\/\/www.janinabaechle.com\/?page_id=43#breadcrumb\",\"itemListElement\":[{\"@type\":\"ListItem\",\"position\":1,\"name\":\"Home\",\"item\":\"https:\/\/www.janinabaechle.com\/\"},{\"@type\":\"ListItem\",\"position\":2,\"name\":\"Biographie\"}]},{\"@type\":\"WebSite\",\"@id\":\"https:\/\/www.janinabaechle.com\/#website\",\"url\":\"https:\/\/www.janinabaechle.com\/\",\"name\":\"Janina Baechle\",\"description\":\"Official Website of Janina Baechle\",\"potentialAction\":[{\"@type\":\"SearchAction\",\"target\":{\"@type\":\"EntryPoint\",\"urlTemplate\":\"https:\/\/www.janinabaechle.com\/?s={search_term_string}\"},\"query-input\":{\"@type\":\"PropertyValueSpecification\",\"valueRequired\":true,\"valueName\":\"search_term_string\"}}],\"inLanguage\":\"de\"}]}<\/script>\n<!-- \/ Yoast SEO plugin. -->","yoast_head_json":{"title":"Biographie - Janina Baechle","description":"Biographie von Janina Baechle","robots":{"index":"index","follow":"follow","max-snippet":"max-snippet:-1","max-image-preview":"max-image-preview:large","max-video-preview":"max-video-preview:-1"},"canonical":"https:\/\/www.janinabaechle.com\/?page_id=43","og_locale":"de_DE","og_type":"article","og_title":"Biographie - Janina Baechle","og_description":"Biographie von Janina Baechle","og_url":"https:\/\/www.janinabaechle.com\/?page_id=43","og_site_name":"Janina Baechle","article_modified_time":"2023-07-06T07:45:07+00:00","twitter_misc":{"Gesch\u00e4tzte Lesezeit":"4\u00a0Minuten"},"schema":{"@context":"https:\/\/schema.org","@graph":[{"@type":"WebPage","@id":"https:\/\/www.janinabaechle.com\/?page_id=43","url":"https:\/\/www.janinabaechle.com\/?page_id=43","name":"Biographie - Janina Baechle","isPartOf":{"@id":"https:\/\/www.janinabaechle.com\/#website"},"datePublished":"2014-07-12T06:52:08+00:00","dateModified":"2023-07-06T07:45:07+00:00","description":"Biographie von Janina Baechle","breadcrumb":{"@id":"https:\/\/www.janinabaechle.com\/?page_id=43#breadcrumb"},"inLanguage":"de","potentialAction":[{"@type":"ReadAction","target":["https:\/\/www.janinabaechle.com\/?page_id=43"]}]},{"@type":"BreadcrumbList","@id":"https:\/\/www.janinabaechle.com\/?page_id=43#breadcrumb","itemListElement":[{"@type":"ListItem","position":1,"name":"Home","item":"https:\/\/www.janinabaechle.com\/"},{"@type":"ListItem","position":2,"name":"Biographie"}]},{"@type":"WebSite","@id":"https:\/\/www.janinabaechle.com\/#website","url":"https:\/\/www.janinabaechle.com\/","name":"Janina Baechle","description":"Official Website of Janina Baechle","potentialAction":[{"@type":"SearchAction","target":{"@type":"EntryPoint","urlTemplate":"https:\/\/www.janinabaechle.com\/?s={search_term_string}"},"query-input":{"@type":"PropertyValueSpecification","valueRequired":true,"valueName":"search_term_string"}}],"inLanguage":"de"}]}},"_links":{"self":[{"href":"https:\/\/www.janinabaechle.com\/index.php?rest_route=\/wp\/v2\/pages\/43","targetHints":{"allow":["GET"]}}],"collection":[{"href":"https:\/\/www.janinabaechle.com\/index.php?rest_route=\/wp\/v2\/pages"}],"about":[{"href":"https:\/\/www.janinabaechle.com\/index.php?rest_route=\/wp\/v2\/types\/page"}],"author":[{"embeddable":true,"href":"https:\/\/www.janinabaechle.com\/index.php?rest_route=\/wp\/v2\/users\/1"}],"replies":[{"embeddable":true,"href":"https:\/\/www.janinabaechle.com\/index.php?rest_route=%2Fwp%2Fv2%2Fcomments&post=43"}],"version-history":[{"count":40,"href":"https:\/\/www.janinabaechle.com\/index.php?rest_route=\/wp\/v2\/pages\/43\/revisions"}],"predecessor-version":[{"id":859,"href":"https:\/\/www.janinabaechle.com\/index.php?rest_route=\/wp\/v2\/pages\/43\/revisions\/859"}],"wp:attachment":[{"href":"https:\/\/www.janinabaechle.com\/index.php?rest_route=%2Fwp%2Fv2%2Fmedia&parent=43"}],"curies":[{"name":"wp","href":"https:\/\/api.w.org\/{rel}","templated":true}]}}

<div style='padding-bottom:10px; color:#8f833e;' class='av-special-heading av-special-heading-h3 custom-color-heading   avia-builder-el-0  el_before_av_three_fourth  avia-builder-el-first   '><h3 class='av-special-heading-tag '  itemprop="headline"  >Biographie</h3><div class='special-heading-border'><div class='special-heading-inner-border' style='border-color:#8f833e'></div></div></div>
<div class="flex_column av_three_fourth  flex_column_div first  avia-builder-el-1  el_after_av_heading  el_before_av_one_fourth  " ><section class="av_textblock_section "  itemscope="itemscope" itemtype="https://schema.org/CreativeWork" ><div class='avia_textblock  '   itemprop="text" ><p style="text-align: left;">Die deutsche Mezzosopranistin Janina Baechle ist regelmäßiger Gast auf den internationalen Opern- und Konzertbühnen, wo sie das wesentliche Repertoire ihres Fachs singt.</p>
<p style="text-align: left;">Nach Festengagements an den Staatstheatern Braunschweig und Hannover gehörte sie bis 2010 zum Ensemble der Wiener Staatsoper, wohin sie seither als regelmäßiger Gast zurückkehrt.</p>
<p style="text-align: left;">Gastengagements führten sie weiterhin an die Staatsopern in Dresden, Hamburg und München, ans Gran Teatre del Liceu in Barcelona,  die Scala di Milano, die Opéra National de Paris, an die Opernhäuser in Bordeaux, Lyon und Toulouse sowie in San Francisco, Toronto und Buenos Aires und zum Edinburgh Festival.</p>
<p style="text-align: left;">Ihr Kernrepertoire beinhaltet Brangäne/ Tristan und Isolde, Fricka, Erda, Waltraute/ Der Ring des Nibelungen, Gertrud/ Hänsel und Gretel, Adelaide/ Arabella, Gaea/ Daphne, Herodias/ Salome, Geschwitz/ Lulu, Filipjewna/ Eugen Onegin, Genevieve/ Pelleas et Melisande, Kabanicha/ Katja Kabanowa und Jezibaba/ Rusalka.</p>
<p style="text-align: left;">Zuletzt hat sie ihrem Repertoire mit ihren erfolgreichen Rollendebüts als La Nourrice/ Ariane et Barbe Bleu und Mme de Croissy/ Dialogues des Carmelites weitere wesentliche Partien hinzugefügt.</p>
<p style="text-align: left;">Neben ihrer Operntätigkeit ist sie ebenso häufig auf dem Konzertpodium zu erleben und arbeitete u.a. mit den Dortmunder, Dresdner, Münchner, Stuttgarter und Wiener Philharmonikern, der New York Philharmonic, dem Netherlands und Helsinki Philharmonic Orchestra, dem BR Symphonie- und Rundfunkorchester, den Hamburger und Wiener Symphonikern, dem Orchestre National du Capitole de Toulouse, dem Bilbao Symphony Orchestra, dem HR Sinfonieorchester, dem RSO Wien und Tonkünstler Orchester, dem Brucknerorchester, dem Klangforum, dem Beethoven Orchester Bonn, der NDR Radiophilharmonie, dem National Polish Radio Orchestra und der NFM Wroclaw Philharmonic.</p>
<p style="text-align: left;">Sie arbeitete wiederholt mit den Dirigenten Christian Thielemann, Sir Simon Rattle, Christoph von Dohnany, Semyon Bychkov, Jeffrey Tate, Leif Segerstam,Andres Orozco Estrada, Tugan Sokhiev, Frank Beermann, Pascal Rophé, Krzysztof Penderecki, Gabriel Feltz,Philippe Jordan und Mariss Jansons.</p>
<p style="text-align: left;">Eine besondere Liebe der Künstlerin gilt  dem deutsch/französischen Liedrepertoire, und mit ihren Liedpartnern Markus Hadulla, Anne Le Bozec, Charles Spencer, Marcelo Amaral, Helmut Deutsch, Florian Krumpöck oder Elisabeth Leonskaja ist sie mit  unterschiedlichen Programmen  zu Gast u.a. beim Festival de Musique Menton, in Vilniius, in Paris an der Opéra und dem Musée d´Orsay, dem Liedsommer Eppan, dem Blüthner Zyklus Wien, dem Kultursommer am Semmering,den Strauss-Tagen in Garmisch-Partenkirchen, dem Teatro del Corte Neapel, bei den Heures Romantiques in Montoire, beim Beethovenfest Warschau, der Hugo- Wolf- Akademie Stuttgart, bei den Mahler Wochen in Toblach beim Kammermusikfestival Schloss Laudon, im Wiener und Grazer Musikverein sowie in Hamburg, Hannover, Braunschweig und St. Petersburg.</p>
<p style="text-align: left;">Janina Baechles Tätigkeit ist mehrfach auf CD und DVD dokumentiert. Ihre Lied Cd „Urlicht“ mit Liedern von Gustav Mahler (gemeinsam mit Markus Hadulla) wurde mit dem Orphée d´Or Prix Elisabeth Schwarzkopf 2014 ausgezeichnet.</p>
<p style="text-align: left;">Janina Baechle studierte Musikwissenschaft und Geschichte an der Universität Hamburg und absolvierte parallel dazu ein Gesangsstudium an der Hamburger Musikhochschule bei Gisela Litz. Darüber hinaus arbeitete sie viele Jahre regelmäßig mit Brigitte Fassbaender.</p>
</div></section><br />
<section class="av_textblock_section "  itemscope="itemscope" itemtype="https://schema.org/CreativeWork" ><div class='avia_textblock  '   itemprop="text" ><p><a href="http://www.ungerartists.com/resources/Baechle-Bio-F.pdf" target="_blank" rel="noopener">Französische Biographie (PDF)</a></p>
</div></section></p></div><div class="flex_column av_one_fourth  flex_column_div av-zero-column-padding   avia-builder-el-4  el_after_av_three_fourth  avia-builder-el-last  " style='border-radius:0px; '><p><div class='avia-image-container avia_animated_image avia_animate_when_almost_visible right-to-left av-styling-no-styling    avia-builder-el-5  el_before_av_image  avia-builder-el-first  avia-align-center '  itemprop="ImageObject" itemscope="itemscope" itemtype="https://schema.org/ImageObject"  ><div class='avia-image-container-inner'><div class='avia-image-overlay-wrap'><img class='avia_image' src='https://www.janinabaechle.com/wp-content/uploads/2014/09/baechle_horowitz_06.jpg' alt='' title='baechle_horowitz_06' height="1600" width="1600"  itemprop="thumbnailUrl"  /></div></div></div><br />
<div class='avia-image-container avia_animated_image avia_animate_when_almost_visible right-to-left av-styling-no-styling    avia-builder-el-6  el_after_av_image  el_before_av_image  avia-align-center '  itemprop="ImageObject" itemscope="itemscope" itemtype="https://schema.org/ImageObject"  ><div class='avia-image-container-inner'><div class='avia-image-overlay-wrap'><img class='avia_image' src='https://www.janinabaechle.com/wp-content/uploads/2014/07/janina_konzert.jpg' alt='' title='janina_konzert' height="500" width="500"  itemprop="thumbnailUrl"  /></div></div></div><br />
<div class='avia-image-container avia_animated_image avia_animate_when_almost_visible right-to-left av-styling-no-styling    avia-builder-el-7  el_after_av_image  el_before_av_image  avia-align-center '  itemprop="ImageObject" itemscope="itemscope" itemtype="https://schema.org/ImageObject"  ><div class='avia-image-container-inner'><div class='avia-image-overlay-wrap'><img class='avia_image' src='https://www.janinabaechle.com/wp-content/uploads/2014/09/baechle_horowitz_03.jpg' alt='' title='baechle_horowitz_03' height="1600" width="1600"  itemprop="thumbnailUrl"  /></div></div></div><br />
<div class='avia-image-container avia_animated_image avia_animate_when_almost_visible right-to-left av-styling-no-styling    avia-builder-el-8  el_after_av_image  avia-builder-el-last  avia-align-center '  itemprop="ImageObject" itemscope="itemscope" itemtype="https://schema.org/ImageObject"  ><div class='avia-image-container-inner'><div class='avia-image-overlay-wrap'><img class='avia_image' src='https://www.janinabaechle.com/wp-content/uploads/2014/07/IMG_9531_13001-495x495.jpg' alt='' title='IMG_9531_1300' height="400" width="400"  itemprop="thumbnailUrl"  /></div></div></div></p></div></p>

<!-- This site is optimized with the Yoast SEO plugin v27.0 - https://yoast.com/product/yoast-seo-wordpress/ -->
<title>Biographie - Janina Baechle</title>
<meta name="description" content="Biographie von Janina Baechle" />
<meta name="robots" content="index, follow, max-snippet:-1, max-image-preview:large, max-video-preview:-1" />
<link rel="canonical" href="https://www.janinabaechle.com/?page_id=43" />
<meta property="og:locale" content="de_DE" />
<meta property="og:type" content="article" />
<meta property="og:title" content="Biographie - Janina Baechle" />
<meta property="og:description" content="Biographie von Janina Baechle" />
<meta property="og:url" content="https://www.janinabaechle.com/?page_id=43" />
<meta property="og:site_name" content="Janina Baechle" />
<meta property="article:modified_time" content="2023-07-06T07:45:07+00:00" />
<meta name="twitter:label1" content="Geschätzte Lesezeit" />
	<meta name="twitter:data1" content="4 Minuten" />
<script type="application/ld+json" class="yoast-schema-graph">{"@context":"https://schema.org","@graph":[{"@type":"WebPage","@id":"https://www.janinabaechle.com/?page_id=43","url":"https://www.janinabaechle.com/?page_id=43","name":"Biographie - Janina Baechle","isPartOf":{"@id":"https://www.janinabaechle.com/#website"},"datePublished":"2014-07-12T06:52:08+00:00","dateModified":"2023-07-06T07:45:07+00:00","description":"Biographie von Janina Baechle","breadcrumb":{"@id":"https://www.janinabaechle.com/?page_id=43#breadcrumb"},"inLanguage":"de","potentialAction":[{"@type":"ReadAction","target":["https://www.janinabaechle.com/?page_id=43"]}]},{"@type":"BreadcrumbList","@id":"https://www.janinabaechle.com/?page_id=43#breadcrumb","itemListElement":[{"@type":"ListItem","position":1,"name":"Home","item":"https://www.janinabaechle.com/"},{"@type":"ListItem","position":2,"name":"Biographie"}]},{"@type":"WebSite","@id":"https://www.janinabaechle.com/#website","url":"https://www.janinabaechle.com/","name":"Janina Baechle","description":"Official Website of Janina Baechle","potentialAction":[{"@type":"SearchAction","target":{"@type":"EntryPoint","urlTemplate":"https://www.janinabaechle.com/?s={search_term_string}"},"query-input":{"@type":"PropertyValueSpecification","valueRequired":true,"valueName":"search_term_string"}}],"inLanguage":"de"}]}</script>
<!-- / Yoast SEO plugin. -->
