{"id":563,"date":"2015-04-27T17:45:54","date_gmt":"2015-04-27T15:45:54","guid":{"rendered":"http:\/\/www.janinabaechle.com\/?page_id=563"},"modified":"2015-04-27T17:51:45","modified_gmt":"2015-04-27T15:51:45","slug":"journal","status":"publish","type":"page","link":"https:\/\/www.janinabaechle.com\/?page_id=563","title":{"rendered":"Journal"},"content":{"rendered":"<div class=\"flex_column av_two_third  flex_column_div first  avia-builder-el-0  el_before_av_one_third  avia-builder-el-first  \" ><section class=\"av_textblock_section \"  itemscope=\"itemscope\" itemtype=\"https:\/\/schema.org\/CreativeWork\" ><div class='avia_textblock  '   itemprop=\"text\" ><h4>Die Walk\u00fcre \/ Canadian Opera Company, Toronto \/ Februar 2015<\/h4>\n<p><strong><a href=\"http:\/\/www.nytimes.com\/2015\/02\/03\/arts\/music\/christine-goerke-as-brunnhilde-in-wagners-die-walkure.html?_r=0\" target=\"_blank\">The New York Times<\/a> (Anthony Tommassini): <\/strong><\/p>\n<p class=\"p1\">The rich-voiced mezzo-soprano Janina Baechle was engrossingly persuasive as Fricka.<\/p>\n<p class=\"p1\"><strong><a href=\"http:\/\/operagoto.com\/die-walkure-review\/\" target=\"_blank\">Opera going Toronto<\/a> (Ian Ritchie):<\/strong><\/p>\n<p class=\"p1\">Mezzo Janina Baechle is a stormy Fricka, seething and thunderous.<\/p>\n<p><strong><a href=\"http:\/\/schmopera.com\/in-review-die-walkure-at-the-coc\/\" target=\"_blank\">schmopera.com<\/a> &#8211; Opera from another angle:<\/strong><\/p>\n<p class=\"p1\">As Fricka, Wotan\u2019s wife, Janina Baechle was fantastic. She had a voice to match her strong presence, and I believed that she could convince Wotan to change his mind.<\/p>\n<p class=\"p1\">__________________<\/p>\n<p class=\"p1\"><strong>Rezensionen zu Janinas CD &#8222;Wie Melodien zieht es mir&#8220;:<\/strong><\/p>\n<p class=\"p1\"><strong>Opernglas (02\/2015)<\/strong><\/p>\n<div class=\"p1\">&#8222;Janina Baechle  &#8230;interpretiert mit feinem Gesp\u00fcr f\u00fcr detaillierte Nuancen&#8230;<br \/>\n&#8230;\u00fcberzeugt mit grossem Einf\u00fchlungsverm\u00f6gen&#8230;<\/div>\n<div class=\"p1\">Begleitet wird die K\u00fcnstlerin von Markus Hadulla, der den historischen Brahms-Fl\u00fcgel im \u00f6sterreichischen M\u00fcrzzuschlag benutzt. Dessen ausgesprochen warmer Ton harmonisiert mit Baechles \u00fcppigem, golden schimmerndem Mezzosopran auf das Vortrefflichste.&#8220;<\/div>\n<p class=\"p1\">__________________<\/p>\n<p class=\"p1\"><strong>Diapason Magazin &#8211; Dezember 2014<\/strong><\/p>\n<p class=\"p1\">&#8222;Seit ungef\u00e4hr 10 Jahren werden die Lieder von Johannes Brahms eher schlecht behandelt. Janina Baechle beendet die  Serie unserer Entt\u00e4uschungen mit einem gro\u00dfz\u00fcgigen Programm(..). Als zus\u00e4tzlichen Anreiz spielt Markus Hadulla einen Streicher Fl\u00fcgel von 1880, der das rhythmische relief verst\u00e4rkt und die kontrapunktische Klarheit und dennoch ein delikates Sfumato des Pedals erlaubt.<\/p>\n<p class=\"p1\">Diese Musik lieg der deutschen Mezzosopranistin: eine \u00fcppige Stimme mit goldenem Schimmer,  klangvolle Tiefe und ein wunderbares h\u00f6heres Register. Weit davon entfernt sich in reinem Sch\u00f6nklang zu gefallen, gibt sie jeder Silbe eine ausdrucksstarke Dichte. (..)<\/p>\n<p class=\"p1\">Baechle ist eine Musikerin, die f\u00fcr die Ophelia m\u00e4dchenhafte und ber\u00fchrende Farben findet,  Der Strom, der neben mir verrauschte, leidenschaftlich bewegt.. und man verneigt sich vor dem traumgleichen Zur\u00fccknehmen im &#8222;Es tr\u00e4umte mir&#8220; und &#8222;O Tod wie wohl tust du dem D\u00fcrftigen&#8220;, wo die Langsamkeit kein Gewicht mehr hat sondern die Zeit still stehen und die Gnade erahnen l\u00e4sst.<br \/>\n<em>H\u00e9l\u00e8ne Cao<\/em><\/p>\n<p class=\"p1\">__________________<\/p>\n<h3>Sinkothek &#8211; Klassik-Platte der Woche<\/h3>\n<p><strong>Wenn ihr die Oper Zeit l\u00e4sst, gestaltet Janina Baechle gern Liedprogramme, in sorgsamer Balance zwischen klangvoll schwebenden Pianot\u00f6nen und behutsamer Textgestaltung.<\/strong><\/p>\n<p><a href=\"http:\/\/diepresse.com\/home\/kultur\/klassik\/klassikneuheit\/4195374\/Klassik_Janina-Baechle-\"><span class=\"time\">23.10.2014 <\/span>Klassik: Janina Baechle<br \/>\n<small>Wilhelm Sinkovicz<\/small><\/a><\/p>\n<p>__________________<\/p>\n<p><strong>Zartes Piano, sinnliche Emphase &#8211; Die Mezzosopranistin Janina Baechle gab einen Liederabend<\/strong><br \/>\nOktober 2014 \/ Braunschweiger Zeitung, Kritik von Sebastian Barnstorf 08.10.2014<\/p>\n<p>Als Anf\u00e4ngerin war sie in Braunschweig engagiert, als Star kehrte sie nun f\u00fcr einen Liederabend zur\u00fcck: Die Mezzosopranistin Janina Baechle, inzwischen in M\u00fcnchen, Wien und Paris zu Hause, und Pianist Marcelo Amaral verstanden es famos, sich den Gegebenheiten des \u00fcberakustischen Spohr\u2013Saals anzupassen- und mehr noch: Kapital daraus zu schlagen. Das Staatstheater pr\u00e4sentierte den ausverkauften Abend in Kooperation mit dem Richard-Wagner-Verband unter dem Motto \u201erund um Giacomo Meyerbeer\u201c. Der Pariser Opern-Komponist vertonte auch Verse von Heinrich Heine. \u201eDu sch\u00f6nes Fischerm\u00e4dchen\u201c und \u201eH\u00f6r ich das Liedchen klingen\u201c atmen die melancholischen Verz\u00fcckungen der Hochromantik zwischen wehm\u00fctigen Erinnerungen an verflossene Liebe und der Tr\u00e4umerei von prickelnder Liebelei.<br \/>\nUnd davon zeichnete Janina Baechle in nuancierter Interpretation ihres geschmeidigen Mezzos in warmem Timbre ein eindringliches Bild! Die romantischen Gem\u00fctsregungen im Wechselspiel zwischen kecker Verliebtheit mit leichter, verspielter Intonation und der tr\u00e4nenreich sich aufl\u00f6senden Schwermut mit aufbl\u00fchender, gro\u00dfer Anlage gerieten ihr dabei abwechslungsvoll und ber\u00fchren. Und nicht nur in \u201eMenschenfeindlich\u201c bewies sie ihr darstellerisches Talent. Immer wieder beeindruckend: Baechles variables Umschalten von zartestem Piano in rauschhaft-sinnlichst ausgesungene Emphase.<\/p>\n<p>__________________<\/p>\n<p><strong>Aktuelle Rezensionen zu Rusalka an der Wiener Staatsoper<\/strong><\/p>\n<p><a href=\"http:\/\/m.diepresse.com\/home\/kultur\/klassik\/3866392\/index.do?from=gl.home_kultur\" target=\"_blank\">Die Presse<\/a><\/p>\n<p><a href=\"http:\/\/text.derstandard.at\/2000005268791\/Der-Prachtabend-nach-der-Kuendigung\" target=\"_blank\">Der Standard<\/a><\/p>\n<p><a href=\"http:\/\/www.wienerzeitung.at\/nachrichten\/kultur\/buehne\/658504_Souveraener-Gesang-im-Alptraumland.html\" target=\"_blank\">Wiener Zeitung<\/a><\/p>\n<p>__________________<\/p>\n<p><strong>Neue CD-Ver\u00f6ffentlichungen<\/strong><br \/>\nSeptember 2014<br \/>\nNeben der neuen CD mit <a title=\"Johannes Brahms \u2013 Wie Melodien zieht es mir\" href=\"https:\/\/ipsrv02.ip.co.at\/janinabaechle.com\/?portfolio=johannes-brahms\">Liedern von Johannes Brahms<\/a> ist ab sofort auch die Live-Aufnahme aus 2011 von Walter Braunfels&#8216; \u201cVerk\u00fcndigung\u201d mit dem M\u00fcnchner Rundfunkorchester unter der Leitung von Ulf Schirmer erh\u00e4ltlich. <a title=\"Walter Braunfels| Verk\u00fcndigung\" href=\"https:\/\/ipsrv02.ip.co.at\/janinabaechle.com\/?portfolio=walter-braunfels-verkuendigung\">Mehr Infos<\/a>.<\/p>\n<p>__________________<\/p>\n<p><strong>Orph\u00e9e d\u2019or 2014<\/strong><br \/>\n31.06.2014<br \/>\nAm 30. Juni wurde Janina Baechle von der Acad\u00e9mie du disque lyrique f\u00fcr ihre Mahler CD <em>Urlicht<\/em> mit dem <em>Orph\u00e9e d\u2019or Prix Elisabeth Schwarzkopf<\/em> ausgezeichnet. Sie erhielt den Preis f\u00fcr die beste Liedinterpretation!<\/p>\n<p>__________________<\/p>\n<p><strong>Gro\u00dfer Erfolg des Rings an der Wiener Staatsoper<\/strong><br \/>\n30.06.2014<br \/>\nMit Jubel und stehenden Ovationen wurde das <em>Ring<\/em>-Ensemble unter der Leitung von Adam Fischer an der Wiener Staatsoper gefeiert. \u201eEin rundum ausgezeichnetes Ensemble\u201c schw\u00e4rmt die Presse. \u00dcber Janina Baechles Partie in Siegfried schreibt <em>The Operacritic<\/em>: \u201eJanina Baechle gave a cultivated and unusually bright-toned Erda\u201c. Auch ihre Interpretation der Waltraude in der <em>G\u00f6tterd\u00e4mmerung<\/em> wird ebenda gepriesen: \u201eJanina Baechle was an intense and captivating Waltraute. Her great scene with Br\u00fcnnhilde (\u201c<em>H\u00f6re mit Sinn, was ich dir sage<\/em>\u201d) was a memorable highlight.\u201c<\/p>\n<p>__________________<\/p>\n<p><strong>Janina Baechle triumphiert als Brang\u00e4ne in Tristan und Isolde an der Op\u00e9ra de Paris<\/strong><br \/>\n28.05.2014<br \/>\nJanina Baechle hat Publikum und Kritiker an der Op\u00e9ra de Paris begeistert. Ihre Interpretation der Brang\u00e4ne in Wagners <em>Tristan und Isolde <\/em>\u201eist ein Ereignis\u201c jubelt <em>oper aktuell<\/em>: \u201eMit warmer Stimme, gibt sie die besorgte Vertraute Isoldes, \u00fcberaus textverst\u00e4ndlich artikulierend und geschmeidig phrasierend im ersten Akt, unglaublich zart intonierend in ihrem (leider von Wagner viel zu kurz komponierten) \u201e<em>Einsam wachend<\/em>\u201c im zweiten Akt. <em>Le Figaro<\/em> schreibt: \u201eLe nouvel \u00e9l\u00e9ment de la distribution \u00e9tant la Brang\u00e4ne inoubliable de Janina Baechle, qui chante le texte comme s&#8217;il s&#8217;agissait d&#8217;un lied.\u201c<\/p>\n<\/div><\/section><\/div>\n<div class=\"flex_column av_one_third  flex_column_div   avia-builder-el-2  el_after_av_two_third  avia-builder-el-last  \" ><p><div class='avia-image-container  av-styling-    avia-builder-el-3  el_before_av_image  avia-builder-el-first  avia-align-center '  itemprop=\"ImageObject\" itemscope=\"itemscope\" itemtype=\"https:\/\/schema.org\/ImageObject\"  ><div class='avia-image-container-inner'><div class='avia-image-overlay-wrap'><img class='avia_image' src='https:\/\/www.janinabaechle.com\/wp-content\/uploads\/2014\/07\/baechle_horowitz_01.jpg' alt='' title='baechle_horowitz_01' height=\"1600\" width=\"1600\"  itemprop=\"thumbnailUrl\"  \/><\/div><\/div><\/div><br \/>\n<div class='avia-image-container  av-styling-    avia-builder-el-4  el_after_av_image  avia-builder-el-last  avia-align-center '  itemprop=\"ImageObject\" itemscope=\"itemscope\" itemtype=\"https:\/\/schema.org\/ImageObject\"  ><div class='avia-image-container-inner'><div class='avia-image-overlay-wrap'><img class='avia_image' src='https:\/\/www.janinabaechle.com\/wp-content\/uploads\/2014\/09\/cover1.jpg' alt='' title='cover1' height=\"397\" width=\"400\"  itemprop=\"thumbnailUrl\"  \/><\/div><\/div><\/div><\/p><\/div>\n","protected":false},"excerpt":{"rendered":"","protected":false},"author":1,"featured_media":0,"parent":0,"menu_order":0,"comment_status":"open","ping_status":"open","template":"","meta":{"_bbp_topic_count":0,"_bbp_reply_count":0,"_bbp_total_topic_count":0,"_bbp_total_reply_count":0,"_bbp_voice_count":0,"_bbp_anonymous_reply_count":0,"_bbp_topic_count_hidden":0,"_bbp_reply_count_hidden":0,"_bbp_forum_subforum_count":0,"footnotes":""},"class_list":["post-563","page","type-page","status-publish","hentry"],"yoast_head":"<!-- This site is optimized with the Yoast SEO plugin v27.0 - https:\/\/yoast.com\/product\/yoast-seo-wordpress\/ -->\n<title>Journal - Janina Baechle<\/title>\n<meta name=\"description\" content=\"Janina Baechle - Mezzosopran mezzo-soprano Brang\u00e4ne Waltraute Brahms Liszt Wagner Akhmatova Rusalka Jezibaba Amneris Eboli Erda Fricka Azucena\" \/>\n<meta name=\"robots\" content=\"index, follow, max-snippet:-1, max-image-preview:large, max-video-preview:-1\" \/>\n<link rel=\"canonical\" href=\"http:\/\/www.janinabaechle.com\/?page_id=563\" \/>\n<meta property=\"og:locale\" content=\"de_DE\" \/>\n<meta property=\"og:type\" content=\"article\" \/>\n<meta property=\"og:title\" content=\"Journal - Janina Baechle\" \/>\n<meta property=\"og:description\" content=\"Janina Baechle - Mezzosopran mezzo-soprano Brang\u00e4ne Waltraute Brahms Liszt Wagner Akhmatova Rusalka Jezibaba Amneris Eboli Erda Fricka Azucena\" \/>\n<meta property=\"og:url\" content=\"http:\/\/www.janinabaechle.com\/?page_id=563\" \/>\n<meta property=\"og:site_name\" content=\"Janina Baechle\" \/>\n<meta property=\"article:modified_time\" content=\"2015-04-27T15:51:45+00:00\" \/>\n<meta name=\"twitter:label1\" content=\"Gesch\u00e4tzte Lesezeit\" \/>\n\t<meta name=\"twitter:data1\" content=\"5\u00a0Minuten\" \/>\n<script type=\"application\/ld+json\" class=\"yoast-schema-graph\">{\"@context\":\"https:\/\/schema.org\",\"@graph\":[{\"@type\":\"WebPage\",\"@id\":\"http:\/\/www.janinabaechle.com\/?page_id=563\",\"url\":\"http:\/\/www.janinabaechle.com\/?page_id=563\",\"name\":\"Journal - Janina Baechle\",\"isPartOf\":{\"@id\":\"http:\/\/www.janinabaechle.com\/#website\"},\"datePublished\":\"2015-04-27T15:45:54+00:00\",\"dateModified\":\"2015-04-27T15:51:45+00:00\",\"description\":\"Janina Baechle - Mezzosopran mezzo-soprano Brang\u00e4ne Waltraute Brahms Liszt Wagner Akhmatova Rusalka Jezibaba Amneris Eboli Erda Fricka Azucena\",\"breadcrumb\":{\"@id\":\"http:\/\/www.janinabaechle.com\/?page_id=563#breadcrumb\"},\"inLanguage\":\"de\",\"potentialAction\":[{\"@type\":\"ReadAction\",\"target\":[\"http:\/\/www.janinabaechle.com\/?page_id=563\"]}]},{\"@type\":\"BreadcrumbList\",\"@id\":\"http:\/\/www.janinabaechle.com\/?page_id=563#breadcrumb\",\"itemListElement\":[{\"@type\":\"ListItem\",\"position\":1,\"name\":\"Home\",\"item\":\"http:\/\/www.janinabaechle.com\/\"},{\"@type\":\"ListItem\",\"position\":2,\"name\":\"Journal\"}]},{\"@type\":\"WebSite\",\"@id\":\"http:\/\/www.janinabaechle.com\/#website\",\"url\":\"http:\/\/www.janinabaechle.com\/\",\"name\":\"Janina Baechle\",\"description\":\"Official Website of Janina Baechle\",\"potentialAction\":[{\"@type\":\"SearchAction\",\"target\":{\"@type\":\"EntryPoint\",\"urlTemplate\":\"http:\/\/www.janinabaechle.com\/?s={search_term_string}\"},\"query-input\":{\"@type\":\"PropertyValueSpecification\",\"valueRequired\":true,\"valueName\":\"search_term_string\"}}],\"inLanguage\":\"de\"}]}<\/script>\n<!-- \/ Yoast SEO plugin. -->","yoast_head_json":{"title":"Journal - Janina Baechle","description":"Janina Baechle - Mezzosopran mezzo-soprano Brang\u00e4ne Waltraute Brahms Liszt Wagner Akhmatova Rusalka Jezibaba Amneris Eboli Erda Fricka Azucena","robots":{"index":"index","follow":"follow","max-snippet":"max-snippet:-1","max-image-preview":"max-image-preview:large","max-video-preview":"max-video-preview:-1"},"canonical":"http:\/\/www.janinabaechle.com\/?page_id=563","og_locale":"de_DE","og_type":"article","og_title":"Journal - Janina Baechle","og_description":"Janina Baechle - Mezzosopran mezzo-soprano Brang\u00e4ne Waltraute Brahms Liszt Wagner Akhmatova Rusalka Jezibaba Amneris Eboli Erda Fricka Azucena","og_url":"http:\/\/www.janinabaechle.com\/?page_id=563","og_site_name":"Janina Baechle","article_modified_time":"2015-04-27T15:51:45+00:00","twitter_misc":{"Gesch\u00e4tzte Lesezeit":"5\u00a0Minuten"},"schema":{"@context":"https:\/\/schema.org","@graph":[{"@type":"WebPage","@id":"http:\/\/www.janinabaechle.com\/?page_id=563","url":"http:\/\/www.janinabaechle.com\/?page_id=563","name":"Journal - Janina Baechle","isPartOf":{"@id":"http:\/\/www.janinabaechle.com\/#website"},"datePublished":"2015-04-27T15:45:54+00:00","dateModified":"2015-04-27T15:51:45+00:00","description":"Janina Baechle - Mezzosopran mezzo-soprano Brang\u00e4ne Waltraute Brahms Liszt Wagner Akhmatova Rusalka Jezibaba Amneris Eboli Erda Fricka Azucena","breadcrumb":{"@id":"http:\/\/www.janinabaechle.com\/?page_id=563#breadcrumb"},"inLanguage":"de","potentialAction":[{"@type":"ReadAction","target":["http:\/\/www.janinabaechle.com\/?page_id=563"]}]},{"@type":"BreadcrumbList","@id":"http:\/\/www.janinabaechle.com\/?page_id=563#breadcrumb","itemListElement":[{"@type":"ListItem","position":1,"name":"Home","item":"http:\/\/www.janinabaechle.com\/"},{"@type":"ListItem","position":2,"name":"Journal"}]},{"@type":"WebSite","@id":"http:\/\/www.janinabaechle.com\/#website","url":"http:\/\/www.janinabaechle.com\/","name":"Janina Baechle","description":"Official Website of Janina Baechle","potentialAction":[{"@type":"SearchAction","target":{"@type":"EntryPoint","urlTemplate":"http:\/\/www.janinabaechle.com\/?s={search_term_string}"},"query-input":{"@type":"PropertyValueSpecification","valueRequired":true,"valueName":"search_term_string"}}],"inLanguage":"de"}]}},"_links":{"self":[{"href":"https:\/\/www.janinabaechle.com\/index.php?rest_route=\/wp\/v2\/pages\/563","targetHints":{"allow":["GET"]}}],"collection":[{"href":"https:\/\/www.janinabaechle.com\/index.php?rest_route=\/wp\/v2\/pages"}],"about":[{"href":"https:\/\/www.janinabaechle.com\/index.php?rest_route=\/wp\/v2\/types\/page"}],"author":[{"embeddable":true,"href":"https:\/\/www.janinabaechle.com\/index.php?rest_route=\/wp\/v2\/users\/1"}],"replies":[{"embeddable":true,"href":"https:\/\/www.janinabaechle.com\/index.php?rest_route=%2Fwp%2Fv2%2Fcomments&post=563"}],"version-history":[{"count":6,"href":"https:\/\/www.janinabaechle.com\/index.php?rest_route=\/wp\/v2\/pages\/563\/revisions"}],"predecessor-version":[{"id":683,"href":"https:\/\/www.janinabaechle.com\/index.php?rest_route=\/wp\/v2\/pages\/563\/revisions\/683"}],"wp:attachment":[{"href":"https:\/\/www.janinabaechle.com\/index.php?rest_route=%2Fwp%2Fv2%2Fmedia&parent=563"}],"curies":[{"name":"wp","href":"https:\/\/api.w.org\/{rel}","templated":true}]}}